What are the prime factors of f?
3, 5
Let s(q) be the third derivative of -7*q**6/120 + q**5/60 - q**4/24 - q**3/6 + 2*q**2. Let d be s(-1). What are the prime factors of (-328)/(-18) + d/(-36)?
2, 3
Suppose -6 - 1 = -n. Let d(l) = 2*l - 4. Let j(c) = c - 4. Let y(z) = 2*d(z) - 3*j(z). What are the prime factors of y(n)?
11
Let j(n) be the third derivative of 0*n - 1/12*n**4 + 3*n**2 - 1/2*n**3 + 0. List the prime factors of j(-5).
7
Let s(d) = -d**3 - 5*d**2 - 5*d + 1. List the prime factors of s(-5).
2, 13
Suppose y - 5*y = -8. List the prime factors of (0 + (-5)/(-2))*y.
5
Let s(t) = t**3 + 3*t**2 - 4*t. Let c be s(-3). Let r = 0 + c. What are the prime factors of r?
2, 3
Suppose 0 = 13*x - 11*x - 126. List the prime factors of x.
3, 7
Suppose 0 = -65*w + 69*w - 436. What are the prime factors of w?
109
Let c = 157 - 74. List the prime factors of c.
83
Let o = 5 + -12. List the prime factors of (1 - (o - 0)) + -1.
7
Let f = 167 + -130. List the prime factors of f.
37
Suppose 8*j - 4*j - 76 = 0. List the prime factors of j.
19
Let a be (-4)/6*(-3 - 0). Suppose 0 = 2*p - 4*y, -10 = -a*p - 0*y - y. Suppose 0 = -3*q + p*q + d - 7, -5*q + 5*d + 85 = 0. What are the prime factors of q?
2, 3
Suppose 2*b - 2*s + 197 = -3*s, s = -5*b - 494. List the prime factors of b/(-6)*4/6.
11
List the prime factors of (11/(-11))/((-2)/34).
17
Let w(b) = -b**3 + 13*b**2 - 11*b - 9. Let d be w(12). Suppose 0 = -d*p + 7 + 11. What are the prime factors of p?
2, 3
Suppose 192 = 5*r + 57. Suppose 4*d = 2*f + 94, -d - 5*f + 2*f = -r. Suppose 4*w = -0*w + d. What are the prime factors of w?
2, 3
Let t = 27 - 2. Let z = 35 - t. List the prime factors of z.
2, 5
Let o = 1 - -12. Let t = 26 + o. List the prime factors of t.
3, 13
Let a(h) = h**2 + h - 24. What are the prime factors of a(7)?
2
Let p be (-1 + -4)*(-48)/20. Suppose 5*q = -p + 72. List the prime factors of q.
2, 3
Suppose 4*a + 7*a = 704. What are the prime factors of a?
2
Suppose 26*i - 294 = 24*i. What are the prime factors of i?
3, 7
Suppose -4*w + 7 = -i, -w + 8 = i - 0*i. List the prime factors of i.
5
Suppose 0 = 5*i - 3*i - 32. Suppose -16 - 7 = -c + 5*b, -b = -4*c + i. Let j(x) = x**3 - 3*x**2 + x + 4. What are the prime factors of j(c)?
7
Suppose -4*h + 28 = -2*h + 5*t, 0 = t - 2. List the prime factors of h.
3
Let b = 82 + -26. What are the prime factors of b?
2, 7
Suppose 3*x = i + 8*x - 7, 3*x = -4*i + 11. Suppose -m - t + 32 = 0, i*m - 85 = t - 18. What are the prime factors of m?
3, 11
Suppose 5*t - 80 = t. What are the prime factors of t?
2, 5
Let s(u) = 14*u**2 + 4*u + 9. What are the prime factors of s(3)?
3, 7
Let v = 4 + -1. What are the prime factors of v?
3
Let c(n) = 5 + n + 3 - 3*n. Let t(j) = -j + 1. Let m(u) = -c(u) + 4*t(u). List the prime factors of m(-3).
2
What are the prime factors of (((-8)/6)/(-2))/(4/462)?
7, 11
Let t(p) be the first derivative of -p**4/4 + 2*p**3 + 4*p - 1. Let o be t(6). Suppose 0 = -5*s + 4*s + o. What are the prime factors of s?
2
Let b = -126 - -314. List the prime factors of b.
2, 47
Suppose -5*k + 2*x + 280 = 0, 2*k = -2*k + 2*x + 224. What are the prime factors of k?
2, 7
Let d = 182 + 0. List the prime factors of d.
2, 7, 13
Let s(z) = 220*z + 13. Let a(r) = 55*r + 3. Let c(k) = 9*a(k) - 2*s(k). List the prime factors of c(1).
2, 7
Let h(y) = -y - 7. Let o(x) = -x - 7. Let n(i) = 3*h(i) - 4*o(i). List the prime factors of n(-5).
2
Suppose 35 = -2*z + z. Let y = z - -61. List the prime factors of y.
2, 13
Let w(b) = -6*b - 4. What are the prime factors of w(-7)?
2, 19
Let s(n) = 13*n - 4. Let p(u) = -u**2 - 6*u - 2. Let d be p(-5). What are the prime factors of s(d)?
5, 7
Suppose 3*o - 2*x - 3*x - 284 = 0, 5*x + 382 = 4*o. List the prime factors of o.
2, 7
Let g(y) = -15*y - 11. What are the prime factors of g(-13)?
2, 23
Let i = 3 + 1. Suppose -42 = -i*u + u. What are the prime factors of u?
2, 7
Suppose 2*g = -139 - 129. Let r be g/(-5) + 1/5. Suppose 0 = m + 2*m - r. List the prime factors of m.
3
Let c = 46 - -17. Suppose -n = j - 51, -6*j = n - j - c. List the prime factors of n.
2, 3
Let p(v) = -2*v**2 - 3 + 9*v - 5*v + 4*v**2. List the prime factors of p(2).
13
Let r be 6/7*21/3. Suppose r - 29 = -5*t + 2*p, -p = 4*t - 8. List the prime factors of t.
3
Suppose -3*s + l = 5*l - 80, -s + 10 = -2*l. List the prime factors of s.
2, 5
Let r = 187 + -131. Let a be ((-21)/(-4))/(21/r). Suppose 3*m = 5*g - 11 - a, 5*g = -m + 45. List the prime factors of g.
2
Suppose -5*m = 10, -3*l - 2*m = -6*m - 155. What are the prime factors of l?
7
Suppose -2*n - 16 = 2*n. What are the prime factors of ((-2)/n)/((-9)/(-342))?
19
Let a(s) = 11*s**2 - 2*s. Let y be a(2). Suppose 0*f = 5*f - y. List the prime factors of f.
2
Let a(n) = -5 + 4 - 3*n + 0. Let q be a(-1). Let m = 10 + q. What are the prime factors of m?
2, 3
What are the prime factors of (2/(-2) - -36) + (-2 - -4)?
37
Let m = 1 + 1. Let l = 1 - m. Let q(g) = -5*g**3 + g. What are the prime factors of q(l)?
2
Suppose 0*k = 3*k + 27. Suppose -8 = p + 3*l, -5*p + 3*p - 3*l - 10 = 0. Let g = p - k. What are the prime factors of g?
7
Let l(s) = 7*s + 15. List the prime factors of l(9).
2, 3, 13
Suppose 2*z = 3*o - 6, o + o + 2*z = -6. Suppose o = -6*b + 202 + 44. What are the prime factors of b?
41
Let g(x) = -x**3 - 2*x**2 + 4*x. What are the prime factors of g(-4)?
2
Suppose -3*x + 2*x + 19 = 0. What are the prime factors of x?
19
Let t = -6 + 7. Let p be (t + 2/(-2))/1. List the prime factors of 10 - (1 + p + 1).
2
Let y = 56 + -10. List the prime factors of y.
2, 23
Let v be ((-3)/(-2))/((-6)/16). List the prime factors of (-3 - 10/(-4))*v.
2
Suppose 3*b = 6*b - 150. List the prime factors of b.
2, 5
Let l = -5 + 9. Suppose -3*v + 33 = -4*m, 4*m + l*v + 12 + 0 = 0. What are the prime factors of 2/(-6) - 20/m?
3
Let c = 27 + -25. List the prime factors of c.
2
Let k(y) = y - 2. Let d be k(8). Suppose 0 = -2*x + 3*x - d. What are the prime factors of x?
2, 3
Let u = -79 - -156. What are the prime factors of u?
7, 11
Suppose 3*v + 220 = 5*q, -4*q + 345 = v - 6*v. Let u = -36 - v. List the prime factors of u.
29
Suppose -4*z - 2*n = -1098, 4*n - 274 = -z + 3*n. List the prime factors of z.
5, 11
Suppose 0 = -0*z + z - 2*s - 7, 2*s - 2 = -2*z. Suppose t - z*t + 4 = 0. List the prime factors of t.
2
Let w(i) = 12*i**2 + i. Let d = -5 + 7. Suppose -b = d*b + 3. What are the prime factors of w(b)?
11
Suppose -5*b = -4*a - 8, -a + 5*b - 17 = -0*a. Suppose -h = 4*v - 6, -5*h - a*v = 2*v - 15. Let u(i) = -i**3 + 3*i**2 + i. List the prime factors of u(h).
2, 3
Let b = 3 + 1. Let a(c) be the second derivative of c**4/12 - c**3/3 + 2*c**2 + 2*c. List the prime factors of a(b).
2, 3
Let n(w) = 5*w**2 + 6*w + 3. Let p(f) = -14*f**2 - 17*f - 8. Let c(q) = 17*n(q) + 6*p(q). Let j be (-4)/18 - 116/(-36). What are the prime factors of c(j)?
2, 3
Let a(n) be the second derivative of -n**4/12 + 3*n**3/2 + 5*n**2 - 3*n. Suppose -2*o = 3*o - v - 46, -2*o = -v - 19. List the prime factors of a(o).
2, 5
Let c = 385 - 237. List the prime factors of c.
2, 37
Suppose k + 1 = d, -2*k + 2 = 2*d - 3*d. Suppose 2*g - d = -0*g + 4*l, 5*g - 24 = 3*l. What are the prime factors of g?
2, 3
Suppose 3*b + 3*y = 2*y + 34, y = -2. Suppose -4 = -b*o + 10*o. List the prime factors of o.
2
Let t(r) = -8*r - 2. Suppose k = 4 - 6. What are the prime factors of t(k)?
2, 7
Suppose 23 = -4*l + 3*w, 2*l + 2*l + 4*w = -16. Suppose 0 = -2*d + 3 + 3. Let t = d - l. What are the prime factors of t?
2
Let g(y) = -y**3 - 4*y**2 - 2*y + 5. Suppose -4*b - 14 = 2. List the prime factors of g(b).
13
Suppose -2*h - 1 = -11. Suppose 5*l - 28 = -3*c, -22 = -0*c - h*c + 4*l. Suppose 5*x + 6 = c*x. List the prime factors of x.
2, 3
List the prime factors of -1 + 4/(-4) - -5.
3
Suppose -4*m - 54 = -5*z, 0*m - 4*m + 26 = 3*z. Suppose -3*l + 3*g = -18, -2*g + 4*g = -z. List the prime factors of (0 - (2 - l)) + 10.
3
Let g = 3 - 3. Suppose 0 = -4*l + 2*h + 4, 3*l = 4*h + 8 - g. Suppose l = -4*y - y + 55. List the prime factors of y.
11
Let t(f) = -2*f**3 - 5*f**2 + 3*f - 4. What are the prime factors of t(-5)?
2, 53
Suppose w + 3 = 2*b + 15, 0 = 4*w - 5*b - 33. Suppose w*a - 15 = -3*a. Suppose 2*k - 20 = -a*k. List the prime factors of k.
2
Let s(t) = t**3 + 8*t**2 